ulate w(-30).
12
Let o(z) = z**2 - 744*z + 22111. Give o(31).
8
Let z(q) = 259*q - 1864. Give z(8).
208
Let h(d) = -2*d**2 + 629*d - 3086. Give h(5).
9
Let i(m) = 17*m + 1149. Calculate i(-74).
-109
Let y(l) = 2*l**2 - 67*l - 465. What is y(-6)?
9
Let q(d) = -7*d**2 + 44*d - 29. Calculate q(9).
-200
Let y(i) = -8*i - 476. What is y(27)?
-692
Let v(l) = 69*l + 307. Determine v(-8).
-245
Let u(o) = -2*o**3 + 85*o**2 - 120*o - 130. Give u(41).
-7
Let z(t) = 106*t - 1370. Determine z(13).
8
Let h(j) = -j**3 - 47*j**2 - 94*j - 134. Give h(-45).
46
Let l(n) = 28*n**2 - 66*n - 1829. Determine l(-7).
5
Let n(g) = -9*g + 52. Give n(7).
-11
Let o(m) = 554*m**2 + 10*m - 3. What is o(-1)?
541
Let m(o) = 169*o + 319. Determine m(-2).
-19
Let g(z) = 859*z + 2591. Calculate g(-3).
14
Let p(g) = 2*g + 31. Determine p(44).
119
Let c(h) = -h**3 + 256*h**2 - 493*h - 3814. Give c(254).
-4
Let r(q) = -21*q + 887. Calculate r(45).
-58
Let v(r) = -r**2 - 3*r + 15. Determine v(-5).
5
Let d(y) = 92*y + 1017. What is d(-11)?
5
Let z(j) = -j**3 - 19*j**2 - 43*j - 1. What is z(-3)?
-16
Let l(j) = -j**2 - 219*j + 6374. Calculate l(26).
4
Let d(p) = 34*p - 1281. What is d(38)?
11
Let k(c) = 70*c - 1550. Determine k(22).
-10
Let b(z) = -230*z + 27145. What is b(118)?
5
Let f(y) = 131*y + 1039. Give f(-8).
-9
Let i(l) = l**3 - 35*l**2 - 26*l - 276. Give i(36).
84
Let t(l) = 6*l**2 + 95*l - 952. What is t(7)?
7
Let t(m) = m**3 + 17*m**2 + 54*m + 21. Give t(-13).
-5
Let g(m) = -438*m + 1302. Calculate g(3).
-12
Let n(x) = -x**3 + 9*x**2 - 6*x - 46. Calculate n(7).
10
Let m(d) = d**2 - 58*d - 513. Calculate m(-10).
167
Let v(h) = h**2 + 130*h - 179. What is v(-133)?
220
Let r(y) = -5*y + 106. Determine r(14).
36
Let m(x) = -x**3 + 45*x**2 + 51*x - 66. Calculate m(46).
164
Let r(c) = 30*c**2 - 335*c - 36. What is r(11)?
-91
Let g(k) = 66*k**3 + 3*k + 3. Determine g(-1).
-66
Let j(y) = -y**2 - 42*y - 97. Determine j(-39).
20
Let d(s) = 72*s**2 + 49*s + 49. Calculate d(-1).
72
Let o(x) = 8*x**3 - 3*x**2 + 5*x - 5. What is o(1)?
5
Let s(n) = -22*n + 777. Determine s(35).
7
Let d(n) = -2*n**3 - 5*n**2 - 7*n - 32. What is d(-5)?
128
Let c(z) = -z**2 + 13*z + 53. Determine c(0).
53
Let x(f) = 27*f - 39. What is x(-3)?
-120
Let m(p) = -p**2 + 2*p + 26. What is m(-7)?
-37
Let g(p) = 3*p**2 - 5*p + 31. Determine g(11).
339
Let p(d) = 2*d**3 - 3*d**2 + 8*d - 35. What is p(3)?
16
Let y(l) = -5*l**2 - 11*l - 3. Calculate y(-4).
-39
Let n(y) = -171*y + 344. Calculate n(2).
2
Let p(m) = -3*m**2 - 8*m - 19. What is p(-8)?
-147
Let y(k) = 84*k + 4013. Determine y(-48).
-19
Let u(v) = -2*v**2 - 7*v - 25. Calculate u(-5).
-40
Let m(z) = 2*z**3 - 31*z**2 - 2*z - 16. What is m(0)?
-16
Let u(b) = 15*b + 65. What is u(-3)?
20
Let p(b) = -29*b + 77. Give p(8).
-155
Let c(g) = -g**2 - 16*g - 31. Determine c(-26).
-291
Let l(n) = -n**2 - 43*n - 476. Determine l(-12).
-104
Let u(m) = -3*m**3 + 107*m**2 + 37*m - 57. Calculate u(36).
-21
Let o(r) = -102*r - 991. Calculate o(-7).
-277
Let v(b) = 6*b - 76. Calculate v(2).
-64
Let r(s) = -12*s - 583. Determine r(-42).
-79
Let c(f) = 307*f + 1566. Give c(-5).
31
Let g(d) = -24*d + 41. Calculate g(4).
-55
Let r(f) = -35*f - 1452. Determine r(-42).
18
Let z(p) = p**3 - 34*p**2 - 34*p - 18. Determine z(35).
17
Let r(o) = 298*o - 44708. Give r(150).
-8
Let h(w) = 898*w + 10759. What is h(-12)?
-17
Let c(d) = 113*d + 6791. Calculate c(-60).
11
Let a(t) = -26*t**2 - 77*t - 65. Give a(-1).
-14
Let j(r) = -3*r**2 + 159*r - 1507. Calculate j(13).
53
Let k(p) = 14*p - 25. Calculate k(9).
101
Let n(i) = -i**3 + i**2 + 60*i - 36. Give n(8).
-4
Let n(d) = -d**3 + 9*d**2 + 448*d - 4691. What is n(11)?
-5
Let b(n) = 218*n - 2726. What is b(12)?
-110
Let f(i) = 33*i + 1048. Give f(-32).
-8
Let h(t) = -t**3 - 35*t**2 + 452*t + 60. Calculate h(-45).
-30
Let x(f) = 24*f**3 - 2*f**2 - 10*f + 32. Calculate x(3).
632
Let z(n) = -48*n - 983. Give z(-21).
25
Let w(p) = -13*p**3 - 87*p**2 + 18*p - 72. What is w(-7)?
-2
Let u(v) = -2*v**2 + 25*v + 97. Calculate u(14).
55
Let j(t) = 20*t**3 + 3*t**2 - 5*t + 6. What is j(2)?
168
Let l(r) = -r**2 - 623*r - 28. Calculate l(0).
-28
Let l(m) = -3*m**2 - 152*m + 712. What is l(-55)?
-3
Let k(c) = -21202*c - 233234. Calculate k(-11).
-12
Let i(w) = w**3 - 5*w**2 - 5*w + 8. Determine i(6).
14
Let s(z) = -z**2 + 24*z + 756. Give s(42).
0
Let l(x) = -x**2 - 170*x - 1150. Give l(-163).
-9
Let y(m) = 11*m**2 + 72*m + 319. Determine y(-6).
283
Let y(s) = -45*s - 1347. Determine y(-30).
3
Let f(d) = d**3 - 61*d**2 - 2*d + 154. Determine f(61).
32
Let w(u) = 2*u**3 + 3*u**2 - 15*u - 39. Determine w(-2).
-13
Let k(z) = 18531*z - 92658. What is k(5)?
-3
Let i(x) = -18*x**3 + 49*x**2 - 3*x - 3. Give i(0).
-3
Let r(n) = -253*n - 1774. What is r(-7)?
-3
Let m(y) = -24*y**2 + 295*y - 826. What is m(8)?
-2
Let v(j) = -j**3 - 8*j**2 - 4*j - 2. Give v(-4).
-50
Let o(f) = -f**2 + 43*f + 82. Give o(40).
202
Let l(j) = -249*j - 3253. Calculate l(-13).
-16
Let n(t) = 10*t**2 + 4731*t - 9025. What is n(-475)?
0
Let f(y) = 7*y**3 - 79*y**2 + 13*y + 11. Give f(11).
-88
Let o(k) = 703*k + 3540. Calculate o(-5).
25
Let w(j) = 2*j**3 - 18*j**2 + 10*j - 203. What is w(9)?
-113
Let r(j) = -279*j + 836. Give r(3).
-1
Let f(p) = 948*p - 7570. Calculate f(8).
14
Let h(d) = -d**3 + 72*d**2 - 138*d - 267. What is h(70)?
-127
Let d(o) = -66*o - 1127. What is d(-17)?
-5
Let s(t) = -t**3 + 71*t**2 + 125*t - 36. Give s(-2).
6
Let q(y) = -3993*y - 7988. Give q(-2).
-2
Let r(d) = 18*d**2 + 36*d + 30. Give r(4).
462
Let a(f) = 79*f - 112. Give a(1).
-33
Let t(u) = -u**2 - 284*u - 20026. Determine t(-132).
38
Let p(w) = w**3 + 189*w**2 - 2629*w + 33. Calculate p(13).
-6
Let n(y) = -10*y**3 - 11*y**2 - 11*y + 46. Calculate n(4).
-814
Let x(c) = 65*c**2 + c - 5. Give x(2).
257
Let k(f) = -f**2 - 28*f - 187. What is k(-13)?
8
Let y(c) = 29*c + 556. Calculate y(-20).
-24
Let d(u) = -366*u**2 - 3660*u - 3. Give d(-10).
-3
Let z(y) = 977*y + 4861. Determine z(-5).
-24
Let a(v) = 2*v**2 - 33*v - 1232. Calculate a(-18).
10
Let x(h) = 10*h**2 - 61*h - 130. Determine x(-2).
32
Let z(v) = 721*v**3 + v**2 - 7*v - 7. Determine z(-1).
-720
Let p(m) = -m**3 - 57*m**2 + 123*m + 270. Determine p(-59).
-25
Let f(c) = 306*c + 2307. Determine f(-8).
-141
Let v(j) = -21*j**2 + 3086*j + 73. Calculate v(147).
-74
Let q(u) = -2*u**2 - 138*u - 860. Give q(-7).
8
Let u(o) = o**3 - 8*o**2 + 740*o - 5116. Give u(7).
15
Let p(x) = -5*x + 15. Give p(7).
-20
Let h(r) = 13*r**3 - 8*r**2 + 27*r - 18. Give h(1).
14
Let o(i) = -23*i**2 + 91*i - 292. Calculate o(3).
-226
Let s(x) = -22*x**2 + 79*x + 26. Determine s(4).
-10
Let i(u) = u**3 - 58*u**2 - 1016*u + 571. Calculate i(72).
-5
Let x(w) = -w**3 + 14*w**2 + 30*w - 261. Calculate x(14).
159
Let t(r) = -r**2 + 50*r - 440. Give t(11).
-11
Let x(m) = 45*m + 542. Determine x(-12).
2
Let i(g) = -g - 2. Determine i(2).
-4
Let h(v) = -63*v**2 - 39*v + 71. What is h(2)?
-259
Let j(q) = q**2 - 167*q + 634. What is j(4)?
-18
Let z(l) = -l**2 + 133*l + 1103. What is z(-8)?
-25
Let f(r) = -r**3 + 33*r**2 - 33*r + 22. What is f(32)?
-10
Let p(x) = 91*x - 1989. Determine p(22).
13
Let r(f) = -f**2 + 38*f - 386. What is r(14)?
-50
Let s(h) = -33*h**2 + 178*h - 74. Determine s(5).
-9
Let a(t) = t**2 + 53*t - 3457. Calculate a(38).
1
Let q(i) = -788*i + 7097. What is q(9)?
5
Let f(s) = -122*s + 26. Give f(1).
-96
Let k(j) = j**3 + 18*j**2 + 27*j + 210. Determine k(-17).
40
Let j(f) = -24*f**2 + 3*f + 6. What is j(-2)?
-96
Let f(h) = 21*h + 158. Determine f(-5).
53
Let z(t) = 2*t**3 - 104*t**2 + 790*t - 682. Calculate z(43).
6
Let s(x) = x**2 - 34*x + 439. What is s(20)?
159
Let s(y) = 7*y + 106. Calculate s(0).
106
Let f(u) = -10*u**2 + 51*u - 50. What is f(1)?
-9
Let f(i) = 5*i**2 + 1689*i + 8362. Give f(-5).
42
Let i(f) = 23*f**2 - 840*f + 430. Give i(36).
-2
Let o(a) = -7*a**2 + 27*a + 39. Calculate o(8).
-193
Let y(s) = s**2 + 33*s + 220. Determine y(-20).
-40
Let d(r) = -2*r**2 - 129*r - 1679. What is d(-18)?
-5
Let c(b) = b**3 - 9*b**2 + 3*b + 24. Determine c(11).
299
Let g(j) = 45*j**2 + 4*j - 3. Determine g(2).
185
Let d(i) = -650*i - 3206. Calculate d(-5).
44
Let p(r) = r**2 - 76*r - 398. What is p(-5)?
7
Let g(j) = -3*j**2 - 17*j - 109. Calculate g(-10).
-239
Let s(b)